{"id":1196,"date":"2023-05-01T09:59:01","date_gmt":"2023-05-01T07:59:01","guid":{"rendered":"https:\/\/aspromonteoutdoor.it\/?page_id=1196"},"modified":"2025-10-23T13:08:06","modified_gmt":"2025-10-23T11:08:06","slug":"sentiero-di-catalimita","status":"publish","type":"page","link":"https:\/\/aspromonteoutdoor.it\/index.php\/scilla-i-sentieri-del-mito\/sentiero-di-catalimita\/","title":{"rendered":"Sentiero di Catalimita"},"content":{"rendered":"\n<figure class=\"wp-block-image size-large\"><img loading=\"lazy\" decoding=\"async\" width=\"1024\" height=\"683\" src=\"https:\/\/aspromonteoutdoor.it\/wp-content\/uploads\/2022\/04\/catalimita-1-2-1024x683.jpg\" alt=\"\" class=\"wp-image-1158\" srcset=\"https:\/\/aspromonteoutdoor.it\/wp-content\/uploads\/2022\/04\/catalimita-1-2-1024x683.jpg 1024w, https:\/\/aspromonteoutdoor.it\/wp-content\/uploads\/2022\/04\/catalimita-1-2-600x400.jpg 600w, https:\/\/aspromonteoutdoor.it\/wp-content\/uploads\/2022\/04\/catalimita-1-2-300x200.jpg 300w, https:\/\/aspromonteoutdoor.it\/wp-content\/uploads\/2022\/04\/catalimita-1-2-768x512.jpg 768w, https:\/\/aspromonteoutdoor.it\/wp-content\/uploads\/2022\/04\/catalimita-1-2-1536x1024.jpg 1536w, https:\/\/aspromonteoutdoor.it\/wp-content\/uploads\/2022\/04\/catalimita-1-2-360x240.jpg 360w, https:\/\/aspromonteoutdoor.it\/wp-content\/uploads\/2022\/04\/catalimita-1-2.jpg 2048w\" sizes=\"auto, (max-width: 1024px) 100vw, 1024px\" \/><\/figure>\n\n\n\n<p><em>[+++ATTENZIONE+++ A causa dei danni causati dal maltempo, che non sono gestibili dai soli volontari, si sconsiglia di intraprendere il sentiero a persone inesperte e\/o mal equipaggiate.]<\/em><\/p>\n\n\n\n<p>Il&nbsp;<strong>Sentiero di Catalimita<\/strong>&nbsp;si configura come una &#8220;costola&#8221; del&nbsp;<strong>Sentiero dell&#8217;Aquila<\/strong>. I due tracciati si sovrappongono fino a&nbsp;<em>Monte Scrisi<\/em>, ma qui dev\u00eca verso il mare, attraversando alcune storiche borgate ancora votate a legname o agricoltura.<\/p>\n\n\n\n<blockquote class=\"wp-block-quote is-layout-flow wp-block-quote-is-layout-flow\">\n<p>Partendo dalla piazza centrale del paese,&nbsp;<em>piazza San Rocco<\/em>, proseguiamo su&nbsp;<em>via Umberto I<\/em>, anche conosciuta come&nbsp;<em>via San Marceddinu<\/em>&nbsp;o&nbsp;<em>via di Cajoleddhi<\/em>, e ci spingiamo gi\u00f9 fino ad un piccolo guado sul torrente&nbsp;<em>Livorno<\/em>. Il nome di questo torrente pu\u00f2 apparire particolare, non ha infatti nulla a che fare con la citt\u00e0 toscana! Livorno \u00e8 il nome italianizzato dai cartografi piemontesi del torrente&nbsp;<em>Urne&nbsp;<\/em>(o&nbsp;<em>Urni<\/em>) e cio\u00e8&nbsp;<strong>le gurne<\/strong>, piccole vasche in cui ci si recava per mettere a mollo le piante che poi sarebbero state filate. Percorrendo un piccolo sentiero tutt&#8217;ora utilizzato dai proprietari dei terreni circostanti, arriviamo dapprima a&nbsp;<em>piano Utra&nbsp;<\/em>e poi proseguiamo, superando una serie di semplici ostacoli, fino ad arrivare nel&nbsp;<em>vallone Monacena<\/em>, piccolo angolo di paradiso in cui cresce una rigogliosa vegetazione e dove incontriamo il primo punto d&#8217;acqua con la&nbsp;<strong>fontana di Medusa<\/strong>&nbsp;[aggiornamento al 2022: purtroppo la fontana Medusa \u00e8 stata sepolta da un&#8217;alluvione e, attualmente, non \u00e8 pi\u00f9 visibile]. Seguiamo il corso del torrente, asciutto tutto l&#8217;anno se non nei giorni successivi a forti piogge, e spuntiamo su una comoda pista (sulla quale incontriamo il secondo punto d&#8217;acqua) che ci permette di arrivare a&nbsp;<em>Puntone Cuddhucu<\/em>&nbsp;(<em>Cucullo&nbsp;<\/em>sulle carte). Lasciandoci Cuddhucu alle spalle, tramite un sentiero tra i cisti, prima, e delle giovani querce da sughero, poi, arriviamo a lambire i&nbsp;<em>piani di Bova<\/em>&nbsp;e poi su fino a&nbsp;<em>Monte Scrisi<\/em>.<\/p>\n<\/blockquote>\n\n\n\n<p>Da&nbsp;<em>Monte Scrisi<\/em>, seguendo la strada che prosegue in direzione della frazione di&nbsp;<em>Melia<\/em>, deviamo sulla sinistra e scendiamo lungo una sterrata che ci porta in localit\u00e0 Uomo Morto. Poco pi\u00f9 avanti ci troviamo sulla provinciale, che attraversiamo, e di nuovo su un sentiero che comincia con una comoda gradinata in pietrisco. Qui camminiamo all&#8217;ombra di un boschetto che sembra nascondere molti misteri&#8230;ma infine, eccoci di nuovo sulla provinciale, che attraversiamo (di nuovo!) per trovarsi in localit\u00e0&nbsp;<em>Catalimita<\/em>.<\/p>\n\n\n\n<p>Il panorama si apre nuovamente, adesso scendiamo lungo una comoda strada e, dopo aver incrociato la strada provinciale per altre due volte, finalmente arriviamo in paese, in prossimit\u00e0 dello svincolo autostradale. Ora non ci resta che scendere per via Parco, proseguire su via Libert\u00e0, completare il percorso con via Piria&#8230;ed eccoci nuovamente in Piazza San Rocco.<\/p>\n\n\n\n<p><strong>SCHEDA ESCURSIONE:<\/strong><br><em>Tipo di escursione:<\/em>&nbsp;ad anello<br><em>Difficolt\u00e0:<\/em>&nbsp;E<br><em>Durata<\/em>: 4,5 ore c.ca comprese le soste<br><em>Acqua potabile<\/em>: no<br><em>Dislivello<\/em>: 540 c.ca<\/p>\n\n\n\n<p>The&nbsp;<strong>Sentiero di Catalimita<\/strong>&nbsp;is configured as a &#8220;rib&#8221; of the&nbsp;<strong>Sentiero dell&#8217;Aquila<\/strong>. The two routes overlap up to&nbsp;<em>Monte Scrisi<\/em>, but here it deviates towards the sea, crossing some historic villages still devoted to timber or agriculture.<\/p>\n\n\n\n<blockquote class=\"wp-block-quote is-layout-flow wp-block-quote-is-layout-flow\">\n<p>Starting from the central square of the town,&nbsp;<em>piazza San Rocco<\/em>, we continue on&nbsp;<em>via Umberto I<\/em>, also known as&nbsp;<em>via San Marceddinu&nbsp;<\/em>or&nbsp;<em>via di Cajoleddhi,<\/em>&nbsp;and we go down to a small ford on the&nbsp;<em>Livorno&nbsp;<\/em>stream. The name of this stream may seem peculiar, in fact it has nothing to do with the Tuscan city! Livorno is the name Italianised by the Piedmontese cartographers of the<em>&nbsp;Urne&nbsp;<\/em>stream (or&nbsp;<em>Urni<\/em>), i.e. the \u201cgurne\u201d, small tubs where women went to soak the plants which would then be spun.Following a small path still used by some of the owners of the surrounding land, we first arrive at the Utra plain and then continue, overcoming a series of simple obstacles, until we arrive in the Monacena valley, a small corner of paradise where lush vegetation grows and where we meet the first water point with the&nbsp;<strong>Medusa fountain<\/strong>&nbsp;[2022 update: unfortunately the Medusa fountain was buried by a flood and is currently no longer visible].We walk on the bed of the stream, which is dry all year round except in the days following heavy rains, and we emerge on an easy track (on which we meet a point of not drinkable water) which allows us to arrive at&nbsp;<em>Puntone Cuddhucu<\/em>&nbsp;(<em>Cucullo<\/em>&nbsp;on the maps) . Leaving Cuddhucu behind us, along a path between rock roses first, and young cork oaks then, we reach the&nbsp;<em>plains of Bova<\/em>, a perfect place to rest a little and enjoy a light meal, and then up to&nbsp;<em>Monte Scrisi.<\/em><\/p>\n<\/blockquote>\n\n\n\n<p>From Monte Scrisi, following the road that continues in the direction of the fraction of Melia, we turn left and go down a dirt road that takes us to the locality of&nbsp;<em>Uomo Morto<\/em>&nbsp;(dead man). A little further on we find ourselves on the provincial road, which we cross, and again on a path that begins with a comfortable stone staircase. Here we walk in the shade of a grove that seems to hide many mysteries\u2026 but finally, we are back on the provincial road, which we cross (again!) to find ourselves in the fraction called&nbsp;<em>Catalimita<\/em>.<\/p>\n\n\n\n<p>The view opens up again, now we go down an easy road and, after crossing the provincial road two more times, we finally arrive in the village, near the motorway junction. Now we just have to go down via Parco, continue on via Libert\u00e0, complete the route with via Piria\u2026 and here we are again in Piazza San Rocco.<\/p>\n\n\n\n<p><strong>EXCURSION DETAILS:<\/strong><br><em>Type of trail:<\/em>\u00a0loop<br><em>Difficulty:<\/em>\u00a0Medium<br><em>Duration<\/em>: 4,5 hours, including stopovers<br><em>Drinkable water<\/em>: currently not present<br><em>Difference in altitude<\/em>: 540 c.ca<\/p>\n\n\n\n<figure class=\"wp-block-image\"><a href=\"https:\/\/aspromonteoutdoor.it\/Pdf%20escursioni\/Sentiero%20di%20Catalimita.gpx\"><img loading=\"lazy\" decoding=\"async\" width=\"150\" height=\"150\" src=\"https:\/\/aspromonteoutdoor.it\/wp-content\/uploads\/2021\/06\/GPX_icon-vector.svg_-150x150.png\" alt=\"\" class=\"wp-image-1111\" srcset=\"https:\/\/aspromonteoutdoor.it\/wp-content\/uploads\/2021\/06\/GPX_icon-vector.svg_-150x150.png 150w, https:\/\/aspromonteoutdoor.it\/wp-content\/uploads\/2021\/06\/GPX_icon-vector.svg_-230x230.png 230w, https:\/\/aspromonteoutdoor.it\/wp-content\/uploads\/2021\/06\/GPX_icon-vector.svg_-160x160.png 160w, https:\/\/aspromonteoutdoor.it\/wp-content\/uploads\/2021\/06\/GPX_icon-vector.svg_-600x600.png 600w, https:\/\/aspromonteoutdoor.it\/wp-content\/uploads\/2021\/06\/GPX_icon-vector.svg_-300x300.png 300w, https:\/\/aspromonteoutdoor.it\/wp-content\/uploads\/2021\/06\/GPX_icon-vector.svg_.png 1024w, https:\/\/aspromonteoutdoor.it\/wp-content\/uploads\/2021\/06\/GPX_icon-vector.svg_-768x768.png 768w, https:\/\/aspromonteoutdoor.it\/wp-content\/uploads\/2021\/06\/GPX_icon-vector.svg_-460x460.png 460w\" sizes=\"auto, (max-width: 150px) 100vw, 150px\" \/><\/a><\/figure>\n\n\n\n<p><a href=\"https:\/\/aspromonteoutdoor.it\/Pdf%20escursioni\/Sentiero%20di%20Catalimita.gpx\">Download the track<\/a><\/p>\n","protected":false},"excerpt":{"rendered":"<p>[+++ATTENZIONE+++ A causa dei danni causati dal maltempo, che non sono gestibili dai soli volontari, si sconsiglia di intraprendere il sentiero a persone inesperte e\/o &hellip;<\/p>\n","protected":false},"author":1,"featured_media":1155,"parent":1432,"menu_order":0,"comment_status":"closed","ping_status":"closed","template":"","meta":{"ngg_post_thumbnail":0,"footnotes":""},"class_list":["post-1196","page","type-page","status-publish","has-post-thumbnail","hentry"],"_links":{"self":[{"href":"https:\/\/aspromonteoutdoor.it\/index.php\/wp-json\/wp\/v2\/pages\/1196","targetHints":{"allow":["GET"]}}],"collection":[{"href":"https:\/\/aspromonteoutdoor.it\/index.php\/wp-json\/wp\/v2\/pages"}],"about":[{"href":"https:\/\/aspromonteoutdoor.it\/index.php\/wp-json\/wp\/v2\/types\/page"}],"author":[{"embeddable":true,"href":"https:\/\/aspromonteoutdoor.it\/index.php\/wp-json\/wp\/v2\/users\/1"}],"replies":[{"embeddable":true,"href":"https:\/\/aspromonteoutdoor.it\/index.php\/wp-json\/wp\/v2\/comments?post=1196"}],"version-history":[{"count":4,"href":"https:\/\/aspromonteoutdoor.it\/index.php\/wp-json\/wp\/v2\/pages\/1196\/revisions"}],"predecessor-version":[{"id":1465,"href":"https:\/\/aspromonteoutdoor.it\/index.php\/wp-json\/wp\/v2\/pages\/1196\/revisions\/1465"}],"up":[{"embeddable":true,"href":"https:\/\/aspromonteoutdoor.it\/index.php\/wp-json\/wp\/v2\/pages\/1432"}],"wp:featuredmedia":[{"embeddable":true,"href":"https:\/\/aspromonteoutdoor.it\/index.php\/wp-json\/wp\/v2\/media\/1155"}],"wp:attachment":[{"href":"https:\/\/aspromonteoutdoor.it\/index.php\/wp-json\/wp\/v2\/media?parent=1196"}],"curies":[{"name":"wp","href":"https:\/\/api.w.org\/{rel}","templated":true}]}}