{"id":629,"date":"2019-11-06T14:05:50","date_gmt":"2019-11-06T13:05:50","guid":{"rendered":"https:\/\/aspromonteoutdoor.it\/?page_id=629"},"modified":"2019-12-12T13:12:39","modified_gmt":"2019-12-12T12:12:39","slug":"le-grotte-di-palmi","status":"publish","type":"page","link":"https:\/\/aspromonteoutdoor.it\/index.php\/escursioni\/aspromonte-occidentale\/le-grotte-di-palmi\/","title":{"rendered":"Le grotte di Palmi"},"content":{"rendered":"\n<p>A due passi dalla citt\u00e0, nello spettacolare scenario della Costa Viola, poco conosciute ai pi\u00f9, ma dal grandissimo fascino, possiamo visitare due distinti siti di grotte scavate nell&#8217;arenaria.<\/p>\n\n\n\n<p>Appena sotto il quartiere dove si trova l&#8217;ex macello, e poco sopra la &#8220;nuova&#8221; stazione ferroviaria, troviamo il primo complesso: le <em>Grotte di Pignarelle<\/em> (o del Macello, appunto). Scavate dai monaci bizantini (possiamo vedere i segni degli scalpelli) nel soffice micro-conglomerato che caratterizza la zona, sono un esempio affascinante di insediamento rupestre risalente, con ogni probabilit\u00e0 al VI &#8211; VIII secolo.<\/p>\n\n\n\n<p>Tornando alla stazione, e proseguendo in direzione NE, incontriamo una strada sterrata che segue la linea di costa e passa attraverso resort, macchia mediterranea e giardini coltivati ad ulivo. Lungo questa strada si trova il secondo gruppo di grotte scavate nell&#8217;arenaria, le <em>Grotte della Pietrosa o della Trachina<\/em>, molto pi\u00f9 antiche delle prime, pare fossero abitate addirittura nella tarda et\u00e0 del bronzo e siano state utilizzate anche oltre, fino in et\u00e0 romana e, pi\u00f9 recentemente, come ricovero per gli animali.<\/p>\n\n\n\n<p>In zona troviamo anche un punto di avvistamento risalente alla seconda guerra mondiale e la villa, restaurata, in cui il poeta Leonida Repaci visse per alcuni anni e in seguito don\u00f2 al comune di Palmi.<\/p>\n\n\n\n<p><strong>SCHEDA ESCURSIONE:<\/strong><br><em>Tipo di escursione:<\/em>&nbsp;in linea a\/r<br><em>Difficolt\u00e0:<\/em>&nbsp;T\/E<br><em>Dislivello:<\/em>&nbsp;trascurabile<br><em>Durata:&nbsp;4<\/em> ore comprese soste<br><em>Acqua:<\/em>&nbsp;non presente<\/p>\n\n\n\nngg_shortcode_0_placeholder\n","protected":false},"excerpt":{"rendered":"<p>A due passi dalla citt\u00e0, nello spettacolare scenario della Costa Viola, poco conosciute ai pi\u00f9, ma dal grandissimo fascino, possiamo visitare due distinti siti di &hellip;<\/p>\n","protected":false},"author":1,"featured_media":630,"parent":645,"menu_order":0,"comment_status":"closed","ping_status":"closed","template":"","meta":{"ngg_post_thumbnail":0,"footnotes":""},"class_list":["post-629","page","type-page","status-publish","has-post-thumbnail","hentry"],"_links":{"self":[{"href":"https:\/\/aspromonteoutdoor.it\/index.php\/wp-json\/wp\/v2\/pages\/629","targetHints":{"allow":["GET"]}}],"collection":[{"href":"https:\/\/aspromonteoutdoor.it\/index.php\/wp-json\/wp\/v2\/pages"}],"about":[{"href":"https:\/\/aspromonteoutdoor.it\/index.php\/wp-json\/wp\/v2\/types\/page"}],"author":[{"embeddable":true,"href":"https:\/\/aspromonteoutdoor.it\/index.php\/wp-json\/wp\/v2\/users\/1"}],"replies":[{"embeddable":true,"href":"https:\/\/aspromonteoutdoor.it\/index.php\/wp-json\/wp\/v2\/comments?post=629"}],"version-history":[{"count":2,"href":"https:\/\/aspromonteoutdoor.it\/index.php\/wp-json\/wp\/v2\/pages\/629\/revisions"}],"predecessor-version":[{"id":637,"href":"https:\/\/aspromonteoutdoor.it\/index.php\/wp-json\/wp\/v2\/pages\/629\/revisions\/637"}],"up":[{"embeddable":true,"href":"https:\/\/aspromonteoutdoor.it\/index.php\/wp-json\/wp\/v2\/pages\/645"}],"wp:featuredmedia":[{"embeddable":true,"href":"https:\/\/aspromonteoutdoor.it\/index.php\/wp-json\/wp\/v2\/media\/630"}],"wp:attachment":[{"href":"https:\/\/aspromonteoutdoor.it\/index.php\/wp-json\/wp\/v2\/media?parent=629"}],"curies":[{"name":"wp","href":"https:\/\/api.w.org\/{rel}","templated":true}]}}

<p>A due passi dalla città, nello spettacolare scenario della Costa Viola, poco conosciute ai più, ma dal grandissimo fascino, possiamo visitare due distinti siti di grotte scavate nell&#8217;arenaria.</p>



<p>Appena sotto il quartiere dove si trova l&#8217;ex macello, e poco sopra la &#8220;nuova&#8221; stazione ferroviaria, troviamo il primo complesso: le <em>Grotte di Pignarelle</em> (o del Macello, appunto). Scavate dai monaci bizantini (possiamo vedere i segni degli scalpelli) nel soffice micro-conglomerato che caratterizza la zona, sono un esempio affascinante di insediamento rupestre risalente, con ogni probabilità al VI &#8211; VIII secolo.</p>



<p>Tornando alla stazione, e proseguendo in direzione NE, incontriamo una strada sterrata che segue la linea di costa e passa attraverso resort, macchia mediterranea e giardini coltivati ad ulivo. Lungo questa strada si trova il secondo gruppo di grotte scavate nell&#8217;arenaria, le <em>Grotte della Pietrosa o della Trachina</em>, molto più antiche delle prime, pare fossero abitate addirittura nella tarda età del bronzo e siano state utilizzate anche oltre, fino in età romana e, più recentemente, come ricovero per gli animali.</p>



<p>In zona troviamo anche un punto di avvistamento risalente alla seconda guerra mondiale e la villa, restaurata, in cui il poeta Leonida Repaci visse per alcuni anni e in seguito donò al comune di Palmi.</p>



<p><strong>SCHEDA ESCURSIONE:</strong><br><em>Tipo di escursione:</em>&nbsp;in linea a/r<br><em>Difficoltà:</em>&nbsp;T/E<br><em>Dislivello:</em>&nbsp;trascurabile<br><em>Durata:&nbsp;4</em> ore comprese soste<br><em>Acqua:</em>&nbsp;non presente</p>



ngg_shortcode_0_placeholder

<p>A due passi dalla città, nello spettacolare scenario della Costa Viola, poco conosciute ai più, ma dal grandissimo fascino, possiamo visitare due distinti siti di &hellip;</p>
